-m**3 + 6*m**2 - 4*m + 2. Suppose -20 = -6*n + n. List the prime factors of b(n).
2, 3
Suppose x + 0*c - 2*c - 68 = 0, -2*c = -2*x + 142. What are the prime factors of x?
2, 37
Suppose 5*h = 4*m - 6, 0 = -0*m + 3*m + 2*h + 7. List the prime factors of ((-3)/(-2))/(m/(-12)).
2, 3
Let u(z) = -5*z - 1 + 6*z + 3. Let v be u(2). Let q(k) = -k**2 + 9*k - 2. What are the prime factors of q(v)?
2, 3
Suppose -6*c + 3*c + 147 = 0. Let z = -29 + c. List the prime factors of z.
2, 5
List the prime factors of 9/27 - (-401)/3.
2, 67
Let l = 3 + -2. Suppose -8 = -2*d + 3*k + l, 5*d + k = 14. Suppose 5*x = 3*a, -d*a + 20 = a. List the prime factors of x.
3
Let o = 2 + 2. Let t be -1 + o/(4/3). Let j = t + 0. List the prime factors of j.
2
Let u be 1*-3 + 28/4. Suppose -t = -u*t + 18. Suppose 2*m + t - 44 = 0. What are the prime factors of m?
19
Suppose 0*h - 4 = 2*g + 5*h, -h - 17 = -5*g. Suppose -3*o = -5*o - 8, k - g*o = 15. Suppose -k*t - 2*l + 17 = 4, 3*l = t - 19. List the prime factors of t.
7
Let f = -23 - -5. Let s be ((-1)/(-3))/(2/(-174)). Let b = f - s. What are the prime factors of b?
11
Let g(t) = -t - 6. Let d be g(-7). Suppose -4*h = d - 9. Suppose h*f - 24 = -f. What are the prime factors of f?
2
Let x(j) = j**3 + 7*j**2 + 6*j - 6. Let t be x(-5). Let a(z) = 2*z. Let h be a(3). What are the prime factors of (t/h)/(1/3)?
7
Let h(s) = 8*s**2 - 3*s. Let z be h(2). Let w = -12 + z. List the prime factors of (-174)/(-21) + (-4)/w.
2
List the prime factors of 33/((12/(-14))/(-6)).
3, 7, 11
Suppose 2*h - 2*q = 5*h + 30, -5*q + 30 = -3*h. Let z(d) = d**2 + 5*d + 3. What are the prime factors of z(h)?
53
Let f(d) = -d**2 + 9*d + 6. Let a be f(9). What are the prime factors of ((-2)/(-6))/(1/a)?
2
Let t(o) = -o + 9. Let l(r) = r - 4. Let v(y) = 7*l(y) + 3*t(y). List the prime factors of v(9).
5, 7
Let s = 32 + -21. Let o(h) = -h**3 - 3*h**2 + 4*h + 1. Let f be o(-4). Let y = s + f. What are the prime factors of y?
2, 3
Suppose 5*p - 8 = 3*p + 5*t, -5*p + 5*t + 5 = 0. Suppose 0*m = -m + 4*i + 41, 5*m = -5*i + 105. List the prime factors of p/2 - m/(-2).
2, 3
Let c = 5 - 6. What are the prime factors of 9*(-2)/(2/c)?
3
Let o be 1/2 + 6/4. Let s = 17 - 37. List the prime factors of (-2)/(-4)*(o - s).
11
Let d(t) = t**2 + 7*t + 5. Let i be d(-7). Suppose i*r = -0*r + 30. What are the prime factors of r*(-2 - 24/(-9))?
2
List the prime factors of 1784/28 - 6/(-21).
2
Let j = 166 + 48. Suppose 0 = t + 4*x - 47, 4*t - 3*x = -6*x + j. What are the prime factors of t?
5, 11
Let r = -1 - -1. Suppose 0 = 5*g - 3*b - 19, r*b = -5*g + 4*b + 22. List the prime factors of g.
2
Suppose -3*a - 77 = -j, 2*j + j - 209 = -2*a. List the prime factors of j.
71
Let b(q) = q**3 + 12*q**2 + 11*q + 2. Let r be b(-11). List the prime factors of 4/r - (1 + -4).
5
What are the prime factors of (-74)/(-6) - (-14)/(-42)?
2, 3
Suppose 5*p - 8 - 12 = 0. Suppose 5*v + p*w + 5 = 29, -v + 6 = 2*w. Let m = -2 + v. What are the prime factors of m?
2
Let l be 6/(-1 - 10/(-8)). Let x = 13 - 1. Suppose -3*r + x + l = 0. What are the prime factors of r?
2, 3
Suppose i - 1 = 3*f - 13, 3*i + 4*f - 29 = 0. Suppose -i*m + 40 = m. What are the prime factors of m?
2, 5
Let p(h) = 10*h - 46. What are the prime factors of p(13)?
2, 3, 7
Suppose 2*b + 37 = 3*b. Suppose 35 + b = 3*h. Let r = 36 - h. List the prime factors of r.
2, 3
Let s be 2/((-8)/2)*-4. Suppose s*k - 35 = 11. What are the prime factors of k?
23
What are the prime factors of 1/4 + (-1647)/(-36)?
2, 23
Suppose -5*b = -7 - 8. What are the prime factors of b?
3
Let p be (-6)/(-4)*(-4)/(-6). Let r(v) = -v**3 - v**2 + 2*v + 4. Let f be r(0). Let s = f + p. List the prime factors of s.
5
Let l = -7 - -24. Suppose 4*q + 0*o - o = 17, -4*o = q + l. Suppose 24 = q*g - 9. List the prime factors of g.
11
Let m(q) = q**2 - q + 2. What are the prime factors of m(6)?
2
Suppose 5*n - 866 = 1224. What are the prime factors of n?
2, 11, 19
Let k = 143 + 175. List the prime factors of k.
2, 3, 53
Suppose -5*v + j = -10*v + 42, -3*j = -6. What are the prime factors of v?
2
List the prime factors of -1 + -29*(2 + -3).
2, 7
Suppose 0 = 2*u + 4*b + 52, 5*b - 39 = 4*u - 0*u. List the prime factors of ((-105)/(-20))/((-6)/u).
2, 7
Let p = -6 - -10. Suppose u + 0*h + h + 3 = 0, 0 = -3*u - p*h - 14. List the prime factors of (u/3)/((-12)/(-162)).
3
Suppose 87*d - 83*d = 592. List the prime factors of d.
2, 37
Suppose 0 = -4*z - 0*z + 1408. What are the prime factors of z?
2, 11
Let c(s) = -8*s + 1. Let g = 3 - 1. Let q be c(g). Let m = 22 + q. List the prime factors of m.
7
Suppose 49*a - 51*a = -352. List the prime factors of a.
2, 11
Suppose -i = i - 10. Suppose 3*b = r + 1, -i*b + b = 3*r - 10. What are the prime factors of r?
2
Let l = 90 + -53. What are the prime factors of l?
37
Let d(b) be the second derivative of -b**7/840 + b**5/60 + b**4/12 - b**3/6 + b. Let f(z) be the second derivative of d(z). List the prime factors of f(-2).
2, 3
Let a = 45 - 17. Let l = a - 12. List the prime factors of l.
2
Suppose 3*v = 7*v + 48. Let j = -7 - v. Suppose -p - 30 = -j*o, -2*o + 12 = -2*p - 2*p. What are the prime factors of o?
2, 3
Let s(p) = p. Let c(r) = r**2 - 2*r - 1. Let h(w) = c(w) - 2*s(w). List the prime factors of h(6).
11
Let z be (-40)/6*6/(-4). Let l = z - 25. What are the prime factors of (40/25)/((-2)/l)?
2, 3
Suppose 3*b + 2*b + 3*v + 9 = 0, 2*b - 15 = 5*v. Suppose t = -4*w - b*t + 105, 0 = -2*t + 2. What are the prime factors of w?
2, 13
Suppose 28 = 2*a - 0*a. Suppose -a + 2 = -2*p. What are the prime factors of p?
2, 3
Suppose -4*z = 3*n - 0*z - 149, 4*n - 187 = -3*z. List the prime factors of n.
43
Let s(f) = -f**3 + 6*f**2 + 2*f - 6. Let i be s(6). Let p(x) = -x**3 + 7*x**2 - 5*x - 4. What are the prime factors of p(i)?
2
Let x = 108 - 70. List the prime factors of x.
2, 19
Suppose 2*u = -0*u - 8. Let j be (-2)/8 + 539/u. List the prime factors of -2*(j/(-6))/(-5).
3
Let b be -3*(-4)/24*4. What are the prime factors of b*4/(8/2)?
2
Suppose 3*t - 121 = -0*a - 2*a, -2*a + 43 = t. What are the prime factors of t?
3, 13
Suppose 4*h - 2*h + 2*i = 0, 18 = h - 5*i. Suppose -2*g + 3 = -3*u, 2*g + 2 = 4*g - 4*u. What are the prime factors of (h*g)/((-3)/(-4))?
2, 3
Let y(n) = n**2 + n. Let q be y(-2). Suppose -q*l - 2 = -a - 3*l, 0 = -4*l. List the prime factors of 5*(a - (-2)/(-10)).
3
Let d be 91/(-7)*(0 - 1). Suppose q = k - 29, 0 = 4*q + d + 7. List the prime factors of k.
2, 3
Let a(w) = 13*w**2 + 2*w + 6. List the prime factors of a(-2).
2, 3
Let m = 72 - 19. What are the prime factors of m?
53
Let c be -7*(0 - -1)*3. Let d = 36 + c. What are the prime factors of d?
3, 5
Suppose -2*l = -4*z - 16, 0 = 5*l - z - 2*z - 5. List the prime factors of 3/3 - (l - 9).
2, 3
Suppose 5*o = 2*u - 14, u + 2*o = -2*u + 21. Let m(z) = z + 2. List the prime factors of m(u).
3
Let x(h) = h - 10. Let n be x(13). Suppose f = -n + 2. Let v = 8 - f. List the prime factors of v.
3
Suppose y + 238 = 5*y + 2*v, -287 = -5*y + v. Suppose 3*g = g + y. List the prime factors of g.
29
Let t(h) = -h + 1 + 4*h - h. What are the prime factors of t(4)?
3
Let t(x) = -12*x**3 - 2*x**2 + 3*x + 4. List the prime factors of t(-2).
2, 43
Let f(g) = -g**2 + g**2 + g**3 - 3 + 0*g**3 - 7*g**2 + g. Let o be f(7). Suppose 3*k + 9 = -i + 22, 2*k - o*i - 4 = 0. List the prime factors of k.
2
Suppose -2*v + 13 = -5*a, 5*v = 5*a - 4 + 29. What are the prime factors of -2*a/(6/51)?
17
Let u = -3 + -7. Let p(z) = -z**2 - 12*z - 14. List the prime factors of p(u).
2, 3
Suppose -5*j - 314 = 3*b, -3*b - 98 = -3*j + 256. Let g = b + 1. What are the prime factors of g/(-6) + 2/(-3)?
2, 3
Suppose 17 = d - 3. Let b = -1 - -1. Suppose 2*w + b*w - d = 0. What are the prime factors of w?
2, 5
Let w(s) = s**2 - 4*s - 8. Let i be w(6). Suppose -2*q = -4*m + 26 - 10, 0 = i*m - 20. Suppose -5*h + q*h + 3*g = 0, -6 = -h - g. List the prime factors of h.
3
Let v(d) = -12*d - 11. What are the prime factors of v(-5)?
7
Let w = 85 + -68. What are the prime factors of w?
17
Suppose 0 = -4*c - 9 + 5. What are the prime factors of -3 + (-3 + c - -28)?
3, 7
Let s = -188 - -308. List the prime factors of s.
2, 3, 5
Let o = -29 - -48. List the prime factors of o.
19
Let c(v) = v - 15. Let y be c(13). Let o(r) = -9*r